. Let l be 175/21*3*1. Calculate the greatest common divisor of l and q.
25
Let f(o) = -o**3 + 4*o**2 + 69*o + 208. Let j be f(-3). Calculate the highest common factor of j and 72.
8
Let y be ((-30)/(-4))/(-5)*(-14)/21. Let s be 18*y*((-10 - -3) + 8). What is the greatest common divisor of 18 and s?
18
Let v(a) = a**3 + 7*a**2 - 2*a - 11. Let l be v(-7). Suppose 205 = l*g - 62. Let u = g + -9. Calculate the greatest common factor of u and 32.
16
Let g = -18248 + 18500. What is the greatest common divisor of 1044 and g?
36
Suppose 350*x + 180*x - 7924 = -504. Let q be 2109/6 - (-1)/(-2). Suppose -5*l = -2*f - q - 285, 141 = l - 5*f. What is the greatest common divisor of x and l?
14
Let m be (-6)/(-14) - (1156/10982 + (-1154)/133). Suppose 4*w = 28 + 656. Calculate the highest common factor of w and m.
9
Let f be (-384)/(-2)*(-2)/(-4). Let t be 1/(-5) - 106/10600*-12020. Calculate the greatest common divisor of f and t.
24
Let l = -10766 - -11750. Calculate the highest common factor of 779 and l.
41
Let m(j) = -14*j - 26. Let b = 45 - 10. Let t = -42 + b. Let a be m(t). Calculate the greatest common divisor of 48 and a.
24
Let x(t) = 3*t**2 + 44*t - 12. Let z be x(-15). Suppose -i = -4*i - z*u + 12, 0 = -u - 1. What is the highest common factor of i and 95?
5
Let h be 244/(-1586) - (82/(-13))/2. What is the greatest common factor of 195 and h?
3
Let o(z) = -49*z + 680. Let y be o(13). What is the highest common divisor of 4429 and y?
43
Suppose -3105 = -381*g + 170*g + 184*g. What is the greatest common divisor of 1205 and g?
5
Let s(i) = -2*i**3 + 15*i**2 - 10*i + 16. Let z(l) = l**2 - 12*l + 6. Let d be z(12). Let o be s(d). Calculate the greatest common factor of 112 and o.
16
Let m be (0 + -60)*(-27)/(-12). Let u = 152 + m. Suppose -4*n - n + 425 = 0. What is the greatest common divisor of u and n?
17
Let a(s) = s**3 - 23*s**2 - 23*s - 16. Let q be a(24). Let c(k) = -k**3 + 10*k**2 - 9*k + 16. Let j be c(q). Calculate the greatest common factor of j and 120.
24
Let m = -454 - -724. Let f(g) = g**3 - 13*g**2 + 44*g - 18. Let l be f(9). What is the highest common factor of m and l?
54
Let o = 4172 - 4025. Calculate the highest common divisor of o and 4361.
49
Let d be (64/3)/(2/6). Let t(n) = -9*n**3 - 2*n**2 - n. Let w be (-2)/(-1)*4/(-8). Let h be t(w). What is the greatest common factor of d and h?
8
Let t be 13 + -1*1/1. Let m = 298 - 271. Let b be (m/(-15))/(21/(-140)). What is the highest common factor of b and t?
12
Let w = 6 + -11. Let g be 2 - (-501)/5 - w/(-25). Suppose -g = -2*i - 4*i. What is the greatest common divisor of i and 85?
17
Suppose 3*w + 5*y = 48028 - 6448, -4*w - 7*y + 55440 = 0. Calculate the greatest common divisor of w and 154.
154
Let d = -2488 + 3576. What is the highest common divisor of 170 and d?
34
Suppose 10*w - 36 = -2*w. Let y(j) = 6*j + 2. Let g be y(w). Calculate the greatest common divisor of g and 4.
4
Suppose 55 = 5*c + 5*b, 5*c = 3*b + 57 + 30. Let m = 19 - c. Suppose 244 = 2*h + 5*f, -m*h + 3*f + 540 = -0*h. What is the highest common factor of 12 and h?
12
Let u = 805 + -802. Suppose u*d + 5*i = 766, 0*i = 3*d + 2*i - 751. What is the highest common divisor of d and 39?
13
Let g(y) = -11*y - 172. Let x be g(-16). Let n(o) = 5*o + 4. Let r be n(x). What is the highest common factor of 384 and r?
24
Let d(o) = 7752*o**2 + 11*o - 61. Let q be d(2). Calculate the greatest common factor of q and 93.
93
Let l = 1141 + -1135. What is the greatest common divisor of 102 and l?
6
Let c = -7667 + 7699. What is the highest common factor of c and 2256?
16
Suppose 2*l + 5*d - 2649 = 0, -306*l = -307*l - 4*d + 1317. Calculate the greatest common factor of 21 and l.
7
Let i = 7355 - -11353. Calculate the greatest common factor of i and 12.
12
Suppose 4*h - 5*c = -7, 11*h - 13*h + 7 = c. Suppose h*o + 25*d - 69 = 30*d, -4*o + 156 = -4*d. Calculate the highest common divisor of o and 224.
14
Let n be 6/4*2*(-4452)/(-28). Let b = n - 446. What is the greatest common divisor of b and 93?
31
Let b(k) = 5*k + 3*k**2 - 9*k - 8*k**3 + 6*k. Let j be b(-1). Calculate the greatest common divisor of j and 603.
9
Suppose 5*x - 36 - 39 = 0. Let n = 529 - 529. Suppose 4*i - 4 = -n, -3*k = -i - 359. Calculate the highest common factor of k and x.
15
Let r(l) = l**3 + 5*l**2 - 9*l - 20. Let v be r(-7). Let q = 55 + v. Let o be q - -7 - (-10)/5*1. Calculate the greatest common divisor of o and 3.
3
Suppose 0 = 616*o - 627*o + 99. What is the highest common divisor of 333 and o?
9
Let a(v) = 2*v**3 + v**2 + v. Let n be a(2). Let z = 2483 + -2472. What is the greatest common factor of n and z?
11
Let d be (28589/(-2024))/(1/(-8)). What is the greatest common factor of d and 8023?
113
Let m = 4585 - 3609. Calculate the greatest common factor of 128 and m.
16
Suppose 3*o + 3 = -0*o, 5*o - 76 = -3*x. Suppose -2 + x = 5*b. Suppose -2*t - a = -19, a = b*t - a - 34. Calculate the greatest common divisor of t and 64.
8
Suppose -301 + 95 = -10*o + 604. What is the greatest common divisor of o and 2025?
81
Suppose -238*g + 166656 = -101*g + 199*g. What is the greatest common factor of 10 and g?
2
Let l be (-4*783/(-15))/(2/10). Let h be 12/22 - l/(-22). Calculate the highest common divisor of h and 624.
48
Let c = 136356 - 136342. Let a be (-11*13 - -1)*-7. Calculate the greatest common factor of a and c.
14
Suppose s - 3*x - 56 = -3*s, -3*x = 0. Calculate the greatest common factor of s and 6.
2
Suppose -s = -4*u - 122, 4*s + 34*u - 635 = 29*u. What is the greatest common factor of 120 and s?
30
Let g(h) = 4*h + 2. Let q be g(4). Let b(c) = -4*c**3 + c**2 + 113*c + 30. Let u be b(-6). What is the highest common factor of u and q?
18
Let z = 203 + -192. Suppose -z*w + 609 - 15 = 0. Suppose 4*h - 2*h - 54 = 0. Calculate the highest common factor of h and w.
27
Suppose 2*z = 3*j - 16, -9*j + 4*j = 4*z - 12. Let d be ((-1)/3)/(12/(-1296)). What is the greatest common divisor of d and j?
4
Suppose -258 - 30 = -8*q. Suppose q + 3 = 3*k. Suppose 2*j + 3*t - 11 = 0, 5*j + 4*t = 37 + 8. Calculate the greatest common factor of j and k.
13
Suppose -10396 = -33*g + 17060. Suppose -106*n = -99*n - 364. Calculate the greatest common divisor of g and n.
52
Suppose q = 3*m, -6*q + 4*q - 15 = -m. Let k be ((-8)/6)/(q/216). What is the greatest common factor of 24 and k?
8
Suppose -100 = -10*k - 0*k. Let o be (-1 + (-54)/k)/(4/(-10)). Let x be 2/(-4)*(8/2 - o). What is the greatest common divisor of x and 18?
6
Suppose -6*q + 9*q = 192. Suppose 49*s - 50*s + 9 = 0. Let i(d) = d**2 - 5*d - 20. Let k be i(s). Calculate the greatest common factor of q and k.
16
Let r be 4*7 + 2/(-1). Let m = 152 - 35. What is the greatest common factor of m and r?
13
Let x(l) = -35*l - 2. Let u be x(-4). Let i(m) = -m**3 - 6*m**2 + 39*m - 4. Let z be i(-10). What is the greatest common factor of u and z?
6
Let s(g) = g**2 + 30*g + 180. Let t be s(-22). What is the greatest common divisor of t and 1052?
4
Let u be (8/10)/(511/7665). Calculate the greatest common factor of u and 303.
3
Let t be 17 + 65 + 0/(0 - 1). Suppose t = -2*m - 4*u, -3*m + 14 = 5*u + 132. Let h = 40 + m. Calculate the greatest common factor of h and 153.
9
Let q be (0 - (-141)/(-6))*(-8)/4. Let k = -47 + q. Let d be 46 - (k - 3/(-1) - 5). What is the greatest common divisor of d and 120?
24
Suppose -5*x = r + 11, 4*r + 0*r - 31 = -5*x. Let s = 15 - -6. Let m be s/(-2)*(-1 + -11). What is the highest common factor of m and r?
14
Suppose 10225 + 23600 = -17*c + 58*c. What is the greatest common factor of 1155 and c?
165
Suppose 0 = 273*v - 312*v + 10764. Calculate the greatest common factor of 45 and v.
3
Suppose 4*d + 2*t - 1570 = 180, -d + 460 = -4*t. Calculate the greatest common factor of 200 and d.
40
Suppose 18 = -4*g + 5*g. Let n = -265238 - -265310. What is the greatest common factor of n and g?
18
Suppose 3*p = 8*p - 70. Suppose 7*d = -6*d + 4095. Calculate the greatest common divisor of p and d.
7
Suppose -8*g - 208 = -2872. What is the highest common divisor of g and 74?
37
Let a(x) = -x**3 + 25*x**2 - 9. Let n be a(25). Let k be ((-1 - 5) + -29)*n. Calculate the highest common divisor of 35 and k.
35
Suppose 5*o - 6*o - 89 = 0. Let w = o - -50. Let l = w + 65. What is the highest common factor